[INFO] fetching crate requiem-identity 0.2.1-r1...
[INFO] checking requiem-identity-0.2.1-r1 against master#cfbc6d4cf1acbac5c025acf8ed68929caa551df3 for pr-75494-beta
[INFO] extracting crate requiem-identity 0.2.1-r1 into /workspace/builds/worker-5/source
[INFO] validating manifest of crates.io crate requiem-identity 0.2.1-r1 on toolchain cfbc6d4cf1acbac5c025acf8ed68929caa551df3
[INFO] running `Command { std: "/workspace/cargo-home/bin/cargo" "+cfbc6d4cf1acbac5c025acf8ed68929caa551df3" "read-manifest" "--manifest-path" "Cargo.toml", kill_on_drop: false }`
[INFO] started tweaking crates.io crate requiem-identity 0.2.1-r1
[INFO] finished tweaking crates.io crate requiem-identity 0.2.1-r1
[INFO] tweaked toml for crates.io crate requiem-identity 0.2.1-r1 written to /workspace/builds/worker-5/source/Cargo.toml
[INFO] running `Command { std: "/workspace/cargo-home/bin/cargo" "+cfbc6d4cf1acbac5c025acf8ed68929caa551df3" "generate-lockfile" "--manifest-path" "Cargo.toml" "-Zno-index-update", kill_on_drop: false }`
[INFO] running `Command { std: "/workspace/cargo-home/bin/cargo" "+cfbc6d4cf1acbac5c025acf8ed68929caa551df3" "fetch" "--locked" "--manifest-path" "Cargo.toml", kill_on_drop: false }`
[INFO] [stderr]     Blocking waiting for file lock on package cache
[INFO] running `Command { std: "docker" "create" "-v" "/var/lib/crater-agent-workspace/builds/worker-5/target:/opt/rustwide/target:rw,Z" "-v" "/var/lib/crater-agent-workspace/builds/worker-5/source:/opt/rustwide/workdir:ro,Z" "-v" "/var/lib/crater-agent-workspace/cargo-home:/opt/rustwide/cargo-home:ro,Z" "-v" "/var/lib/crater-agent-workspace/rustup-home:/opt/rustwide/rustup-home:ro,Z" "-e" "SOURCE_DIR=/opt/rustwide/workdir" "-e" "CARGO_TARGET_DIR=/opt/rustwide/target" "-e" "CARGO_HOME=/opt/rustwide/cargo-home" "-e" "RUSTUP_HOME=/opt/rustwide/rustup-home" "-w" "/opt/rustwide/workdir" "-m" "1610612736" "--user" "0:0" "--network" "none" "rustops/crates-build-env@sha256:a636fd89d022f18117e1dc8fb37a0a009933cdbbe082814857f0e2024962d47c" "/opt/rustwide/cargo-home/bin/cargo" "+cfbc6d4cf1acbac5c025acf8ed68929caa551df3" "metadata" "--no-deps" "--format-version=1", kill_on_drop: false }`
[INFO] [stderr] WARNING: Your kernel does not support swap limit capabilities or the cgroup is not mounted. Memory limited without swap.
[INFO] [stdout] 0a6b1bcad420578e3c2d0d734fde2e90089fd9b94dc0c7a0ccd99aff4c1291ce
[INFO] running `Command { std: "docker" "start" "-a" "0a6b1bcad420578e3c2d0d734fde2e90089fd9b94dc0c7a0ccd99aff4c1291ce", kill_on_drop: false }`
[INFO] running `Command { std: "docker" "inspect" "0a6b1bcad420578e3c2d0d734fde2e90089fd9b94dc0c7a0ccd99aff4c1291ce", kill_on_drop: false }`
[INFO] running `Command { std: "docker" "rm" "-f" "0a6b1bcad420578e3c2d0d734fde2e90089fd9b94dc0c7a0ccd99aff4c1291ce", kill_on_drop: false }`
[INFO] [stdout] 0a6b1bcad420578e3c2d0d734fde2e90089fd9b94dc0c7a0ccd99aff4c1291ce
[INFO] running `Command { std: "docker" "create" "-v" "/var/lib/crater-agent-workspace/builds/worker-5/target:/opt/rustwide/target:rw,Z" "-v" "/var/lib/crater-agent-workspace/builds/worker-5/source:/opt/rustwide/workdir:ro,Z" "-v" "/var/lib/crater-agent-workspace/cargo-home:/opt/rustwide/cargo-home:ro,Z" "-v" "/var/lib/crater-agent-workspace/rustup-home:/opt/rustwide/rustup-home:ro,Z" "-e" "SOURCE_DIR=/opt/rustwide/workdir" "-e" "CARGO_TARGET_DIR=/opt/rustwide/target" "-e" "CARGO_INCREMENTAL=0" "-e" "RUST_BACKTRACE=full" "-e" "RUSTFLAGS=--cap-lints=forbid" "-e" "CARGO_HOME=/opt/rustwide/cargo-home" "-e" "RUSTUP_HOME=/opt/rustwide/rustup-home" "-w" "/opt/rustwide/workdir" "-m" "1610612736" "--user" "0:0" "--network" "none" "rustops/crates-build-env@sha256:a636fd89d022f18117e1dc8fb37a0a009933cdbbe082814857f0e2024962d47c" "/opt/rustwide/cargo-home/bin/cargo" "+cfbc6d4cf1acbac5c025acf8ed68929caa551df3" "check" "--frozen" "--all" "--all-targets" "--message-format=json", kill_on_drop: false }`
[INFO] [stderr] WARNING: Your kernel does not support swap limit capabilities or the cgroup is not mounted. Memory limited without swap.
[INFO] [stdout] fd3955692a8c41fadbe94efdd00104fa44bd61f8e5ee80461f9e0c03387edabb
[INFO] running `Command { std: "docker" "start" "-a" "fd3955692a8c41fadbe94efdd00104fa44bd61f8e5ee80461f9e0c03387edabb", kill_on_drop: false }`
[INFO] [stderr]     Checking bytestring v0.1.5
[INFO] [stderr]     Checking thread_local v1.0.1
[INFO] [stderr]     Checking tracing-core v0.1.14
[INFO] [stderr]     Checking futures-channel v0.3.5
[INFO] [stderr]     Checking http v0.2.1
[INFO] [stderr]    Compiling ring v0.16.15
[INFO] [stderr]     Checking encoding_rs v0.8.23
[INFO] [stderr]     Checking getrandom v0.1.14
[INFO] [stderr]     Checking backtrace v0.3.50
[INFO] [stderr]     Checking socket2 v0.3.12
[INFO] [stderr]     Checking hostname v0.3.1
[INFO] [stderr]     Checking time v0.1.43
[INFO] [stderr]    Compiling syn v1.0.39
[INFO] [stderr]     Checking tokio v0.2.22
[INFO] [stderr]     Checking resolv-conf v0.6.3
[INFO] [stderr]     Checking rand_core v0.5.1
[INFO] [stderr]     Checking regex v1.3.9
[INFO] [stderr]     Checking rand_chacha v0.2.2
[INFO] [stderr]     Checking tracing v0.1.19
[INFO] [stderr]     Checking chrono v0.4.15
[INFO] [stderr]     Checking rand v0.7.3
[INFO] [stderr]     Checking tokio-util v0.2.0
[INFO] [stderr]     Checking tokio-util v0.3.1
[INFO] [stderr]     Checking requiem-codec v0.2.0
[INFO] [stderr]    Compiling synstructure v0.12.4
[INFO] [stderr]    Compiling pin-project-internal v0.4.23
[INFO] [stderr]    Compiling futures-macro v0.3.5
[INFO] [stderr]    Compiling derive_more v0.99.9
[INFO] [stderr]    Compiling requiem-macros v0.1.1
[INFO] [stderr]    Compiling serde_derive v1.0.115
[INFO] [stderr]    Compiling failure_derive v0.1.8
[INFO] [stderr]    Compiling enum-as-inner v0.3.3
[INFO] [stderr]    Compiling async-trait v0.1.38
[INFO] [stderr]    Compiling requiem-web-codegen v0.2.0
[INFO] [stderr]     Checking failure v0.1.8
[INFO] [stderr]     Checking pin-project v0.4.23
[INFO] [stderr]     Checking futures-util v0.3.5
[INFO] [stderr]     Checking requiem-threadpool v0.3.1
[INFO] [stderr]     Checking serde v1.0.115
[INFO] [stderr]     Checking futures-executor v0.3.5
[INFO] [stderr]     Checking requiem-service v1.0.5
[INFO] [stderr]     Checking h2 v0.2.6
[INFO] [stderr]     Checking futures v0.3.5
[INFO] [stderr]     Checking requiem-rt v1.0.0
[INFO] [stderr]     Checking trust-dns-proto v0.18.0-alpha.2
[INFO] [stderr]     Checking requiem-utils v1.0.6
[INFO] [stderr]     Checking requiem-server v1.0.1
[INFO] [stderr]     Checking requiem-tls v1.0.0
[INFO] [stderr]     Checking trust-dns-resolver v0.18.0-alpha.2
[INFO] [stderr]     Checking requiem-testing v1.0.0
[INFO] [stderr]     Checking requiem-connect v1.0.2
[INFO] [stderr]     Checking serde_json v1.0.57
[INFO] [stderr]     Checking serde_urlencoded v0.6.1
[INFO] [stderr]     Checking requiem-router v0.2.4
[INFO] [stderr]     Checking requiem-http v1.0.1
[INFO] [stderr]     Checking requiem-wc v1.0.1
[INFO] [stderr]     Checking requiem-web v2.0.0-r2
[INFO] [stderr]     Checking requiem-identity v0.2.1-r1 (/opt/rustwide/workdir)
[INFO] [stdout] error[E0433]: failed to resolve: use of undeclared type or module `actix_rt`
[INFO] [stdout]    --> src/lib.rs:629:5
[INFO] [stdout]     |
[INFO] [stdout] 629 |     #[requiem_rt::test]
[INFO] [stdout]     |     ^^^^^^^^^^^^^^^^^^^ not found in `actix_rt`
[INFO] [stdout]     |
[INFO] [stdout]     = note: this error originates in an attribute macro (in Nightly builds, run with -Z macro-backtrace for more info)
[INFO] [stdout] help: consider importing one of these items
[INFO] [stdout]     |
[INFO] [stdout] 617 |     use crate::tests::test::System;
[INFO] [stdout]     |
[INFO] [stdout] 617 |     use crate::tests::test::ws::io::sys::alloc::System;
[INFO] [stdout]     |
[INFO] [stdout] 617 |     use requiem_rt::System;
[INFO] [stdout]     |
[INFO] [stdout] 617 |     use std::alloc::System;
[INFO] [stdout]     |
[INFO] [stdout] 
[INFO] [stdout] 
[INFO] [stdout] error[E0433]: failed to resolve: use of undeclared type or module `actix_rt`
[INFO] [stdout]    --> src/lib.rs:692:5
[INFO] [stdout]     |
[INFO] [stdout] 692 |     #[requiem_rt::test]
[INFO] [stdout]     |     ^^^^^^^^^^^^^^^^^^^ not found in `actix_rt`
[INFO] [stdout]     |
[INFO] [stdout]     = note: this error originates in an attribute macro (in Nightly builds, run with -Z macro-backtrace for more info)
[INFO] [stdout] help: consider importing one of these items
[INFO] [stdout]     |
[INFO] [stdout] 617 |     use crate::tests::test::System;
[INFO] [stdout]     |
[INFO] [stdout] 617 |     use crate::tests::test::ws::io::sys::alloc::System;
[INFO] [stdout]     |
[INFO] [stdout] 617 |     use requiem_rt::System;
[INFO] [stdout]     |
[INFO] [stdout] 617 |     use std::alloc::System;
[INFO] [stdout]     |
[INFO] [stdout] 
[INFO] [stdout] 
[INFO] [stdout] error[E0433]: failed to resolve: use of undeclared type or module `actix_rt`
[INFO] [stdout]    --> src/lib.rs:720:5
[INFO] [stdout]     |
[INFO] [stdout] 720 |     #[requiem_rt::test]
[INFO] [stdout]     |     ^^^^^^^^^^^^^^^^^^^ not found in `actix_rt`
[INFO] [stdout]     |
[INFO] [stdout]     = note: this error originates in an attribute macro (in Nightly builds, run with -Z macro-backtrace for more info)
[INFO] [stdout] help: consider importing one of these items
[INFO] [stdout]     |
[INFO] [stdout] 617 |     use crate::tests::test::System;
[INFO] [stdout]     |
[INFO] [stdout] 617 |     use crate::tests::test::ws::io::sys::alloc::System;
[INFO] [stdout]     |
[INFO] [stdout] 617 |     use requiem_rt::System;
[INFO] [stdout]     |
[INFO] [stdout] 617 |     use std::alloc::System;
[INFO] [stdout]     |
[INFO] [stdout] 
[INFO] [stdout] 
[INFO] [stdout] error[E0433]: failed to resolve: use of undeclared type or module `actix_rt`
[INFO] [stdout]    --> src/lib.rs:886:5
[INFO] [stdout]     |
[INFO] [stdout] 886 |     #[requiem_rt::test]
[INFO] [stdout]     |     ^^^^^^^^^^^^^^^^^^^ not found in `actix_rt`
[INFO] [stdout]     |
[INFO] [stdout]     = note: this error originates in an attribute macro (in Nightly builds, run with -Z macro-backtrace for more info)
[INFO] [stdout] help: consider importing one of these items
[INFO] [stdout]     |
[INFO] [stdout] 617 |     use crate::tests::test::System;
[INFO] [stdout]     |
[INFO] [stdout] 617 |     use crate::tests::test::ws::io::sys::alloc::System;
[INFO] [stdout]     |
[INFO] [stdout] 617 |     use requiem_rt::System;
[INFO] [stdout]     |
[INFO] [stdout] 617 |     use std::alloc::System;
[INFO] [stdout]     |
[INFO] [stdout] 
[INFO] [stdout] 
[INFO] [stdout] error[E0433]: failed to resolve: use of undeclared type or module `actix_rt`
[INFO] [stdout]    --> src/lib.rs:895:5
[INFO] [stdout]     |
[INFO] [stdout] 895 |     #[requiem_rt::test]
[INFO] [stdout]     |     ^^^^^^^^^^^^^^^^^^^ not found in `actix_rt`
[INFO] [stdout]     |
[INFO] [stdout]     = note: this error originates in an attribute macro (in Nightly builds, run with -Z macro-backtrace for more info)
[INFO] [stdout] help: consider importing one of these items
[INFO] [stdout]     |
[INFO] [stdout] 617 |     use crate::tests::test::System;
[INFO] [stdout]     |
[INFO] [stdout] 617 |     use crate::tests::test::ws::io::sys::alloc::System;
[INFO] [stdout]     |
[INFO] [stdout] 617 |     use requiem_rt::System;
[INFO] [stdout]     |
[INFO] [stdout] 617 |     use std::alloc::System;
[INFO] [stdout]     |
[INFO] [stdout] 
[INFO] [stdout] 
[INFO] [stdout] error[E0433]: failed to resolve: use of undeclared type or module `actix_rt`
[INFO] [stdout]    --> src/lib.rs:910:5
[INFO] [stdout]     |
[INFO] [stdout] 910 |     #[requiem_rt::test]
[INFO] [stdout]     |     ^^^^^^^^^^^^^^^^^^^ not found in `actix_rt`
[INFO] [stdout]     |
[INFO] [stdout]     = note: this error originates in an attribute macro (in Nightly builds, run with -Z macro-backtrace for more info)
[INFO] [stdout] help: consider importing one of these items
[INFO] [stdout]     |
[INFO] [stdout] 617 |     use crate::tests::test::System;
[INFO] [stdout]     |
[INFO] [stdout] 617 |     use crate::tests::test::ws::io::sys::alloc::System;
[INFO] [stdout]     |
[INFO] [stdout] 617 |     use requiem_rt::System;
[INFO] [stdout]     |
[INFO] [stdout] 617 |     use std::alloc::System;
[INFO] [stdout]     |
[INFO] [stdout] 
[INFO] [stdout] 
[INFO] [stdout] error[E0433]: failed to resolve: use of undeclared type or module `actix_rt`
[INFO] [stdout]    --> src/lib.rs:931:5
[INFO] [stdout]     |
[INFO] [stdout] 931 |     #[requiem_rt::test]
[INFO] [stdout]     |     ^^^^^^^^^^^^^^^^^^^ not found in `actix_rt`
[INFO] [stdout]     |
[INFO] [stdout]     = note: this error originates in an attribute macro (in Nightly builds, run with -Z macro-backtrace for more info)
[INFO] [stdout] help: consider importing one of these items
[INFO] [stdout]     |
[INFO] [stdout] 617 |     use crate::tests::test::System;
[INFO] [stdout]     |
[INFO] [stdout] 617 |     use crate::tests::test::ws::io::sys::alloc::System;
[INFO] [stdout]     |
[INFO] [stdout] 617 |     use requiem_rt::System;
[INFO] [stdout]     |
[INFO] [stdout] 617 |     use std::alloc::System;
[INFO] [stdout]     |
[INFO] [stdout] 
[INFO] [stdout] 
[INFO] [stdout] error[E0433]: failed to resolve: use of undeclared type or module `actix_rt`
[INFO] [stdout]    --> src/lib.rs:952:5
[INFO] [stdout]     |
[INFO] [stdout] 952 |     #[requiem_rt::test]
[INFO] [stdout]     |     ^^^^^^^^^^^^^^^^^^^ not found in `actix_rt`
[INFO] [stdout]     |
[INFO] [stdout]     = note: this error originates in an attribute macro (in Nightly builds, run with -Z macro-backtrace for more info)
[INFO] [stdout] help: consider importing one of these items
[INFO] [stdout]     |
[INFO] [stdout] 617 |     use crate::tests::test::System;
[INFO] [stdout]     |
[INFO] [stdout] 617 |     use crate::tests::test::ws::io::sys::alloc::System;
[INFO] [stdout]     |
[INFO] [stdout] 617 |     use requiem_rt::System;
[INFO] [stdout]     |
[INFO] [stdout] 617 |     use std::alloc::System;
[INFO] [stdout]     |
[INFO] [stdout] 
[INFO] [stdout] 
[INFO] [stdout] error[E0433]: failed to resolve: use of undeclared type or module `actix_rt`
[INFO] [stdout]    --> src/lib.rs:973:5
[INFO] [stdout]     |
[INFO] [stdout] 973 |     #[requiem_rt::test]
[INFO] [stdout]     |     ^^^^^^^^^^^^^^^^^^^ not found in `actix_rt`
[INFO] [stdout]     |
[INFO] [stdout]     = note: this error originates in an attribute macro (in Nightly builds, run with -Z macro-backtrace for more info)
[INFO] [stdout] help: consider importing one of these items
[INFO] [stdout]     |
[INFO] [stdout] 617 |     use crate::tests::test::System;
[INFO] [stdout]     |
[INFO] [stdout] 617 |     use crate::tests::test::ws::io::sys::alloc::System;
[INFO] [stdout]     |
[INFO] [stdout] 617 |     use requiem_rt::System;
[INFO] [stdout]     |
[INFO] [stdout] 617 |     use std::alloc::System;
[INFO] [stdout]     |
[INFO] [stdout] 
[INFO] [stdout] 
[INFO] [stdout] error[E0433]: failed to resolve: use of undeclared type or module `actix_rt`
[INFO] [stdout]    --> src/lib.rs:994:5
[INFO] [stdout]     |
[INFO] [stdout] 994 |     #[requiem_rt::test]
[INFO] [stdout]     |     ^^^^^^^^^^^^^^^^^^^ not found in `actix_rt`
[INFO] [stdout]     |
[INFO] [stdout]     = note: this error originates in an attribute macro (in Nightly builds, run with -Z macro-backtrace for more info)
[INFO] [stdout] help: consider importing one of these items
[INFO] [stdout]     |
[INFO] [stdout] 617 |     use crate::tests::test::System;
[INFO] [stdout]     |
[INFO] [stdout] 617 |     use crate::tests::test::ws::io::sys::alloc::System;
[INFO] [stdout]     |
[INFO] [stdout] 617 |     use requiem_rt::System;
[INFO] [stdout]     |
[INFO] [stdout] 617 |     use std::alloc::System;
[INFO] [stdout]     |
[INFO] [stdout] 
[INFO] [stdout] 
[INFO] [stdout] error[E0433]: failed to resolve: use of undeclared type or module `actix_rt`
[INFO] [stdout]     --> src/lib.rs:1019:5
[INFO] [stdout]      |
[INFO] [stdout] 1019 |     #[requiem_rt::test]
[INFO] [stdout]      |     ^^^^^^^^^^^^^^^^^^^ not found in `actix_rt`
[INFO] [stdout]      |
[INFO] [stdout]      = note: this error originates in an attribute macro (in Nightly builds, run with -Z macro-backtrace for more info)
[INFO] [stdout] help: consider importing one of these items
[INFO] [stdout]      |
[INFO] [stdout] 617  |     use crate::tests::test::System;
[INFO] [stdout]      |
[INFO] [stdout] 617  |     use crate::tests::test::ws::io::sys::alloc::System;
[INFO] [stdout]      |
[INFO] [stdout] 617  |     use requiem_rt::System;
[INFO] [stdout]      |
[INFO] [stdout] 617  |     use std::alloc::System;
[INFO] [stdout]      |
[INFO] [stdout] 
[INFO] [stdout] 
[INFO] [stdout] error[E0433]: failed to resolve: use of undeclared type or module `actix_rt`
[INFO] [stdout]     --> src/lib.rs:1044:5
[INFO] [stdout]      |
[INFO] [stdout] 1044 |     #[requiem_rt::test]
[INFO] [stdout]      |     ^^^^^^^^^^^^^^^^^^^ not found in `actix_rt`
[INFO] [stdout]      |
[INFO] [stdout]      = note: this error originates in an attribute macro (in Nightly builds, run with -Z macro-backtrace for more info)
[INFO] [stdout] help: consider importing one of these items
[INFO] [stdout]      |
[INFO] [stdout] 617  |     use crate::tests::test::System;
[INFO] [stdout]      |
[INFO] [stdout] 617  |     use crate::tests::test::ws::io::sys::alloc::System;
[INFO] [stdout]      |
[INFO] [stdout] 617  |     use requiem_rt::System;
[INFO] [stdout]      |
[INFO] [stdout] 617  |     use std::alloc::System;
[INFO] [stdout]      |
[INFO] [stdout] 
[INFO] [stdout] 
[INFO] [stdout] error[E0433]: failed to resolve: use of undeclared type or module `actix_rt`
[INFO] [stdout]     --> src/lib.rs:1061:5
[INFO] [stdout]      |
[INFO] [stdout] 1061 |     #[requiem_rt::test]
[INFO] [stdout]      |     ^^^^^^^^^^^^^^^^^^^ not found in `actix_rt`
[INFO] [stdout]      |
[INFO] [stdout]      = note: this error originates in an attribute macro (in Nightly builds, run with -Z macro-backtrace for more info)
[INFO] [stdout] help: consider importing one of these items
[INFO] [stdout]      |
[INFO] [stdout] 617  |     use crate::tests::test::System;
[INFO] [stdout]      |
[INFO] [stdout] 617  |     use crate::tests::test::ws::io::sys::alloc::System;
[INFO] [stdout]      |
[INFO] [stdout] 617  |     use requiem_rt::System;
[INFO] [stdout]      |
[INFO] [stdout] 617  |     use std::alloc::System;
[INFO] [stdout]      |
[INFO] [stdout] 
[INFO] [stdout] 
[INFO] [stdout] error[E0433]: failed to resolve: use of undeclared type or module `actix_rt`
[INFO] [stdout]     --> src/lib.rs:1086:5
[INFO] [stdout]      |
[INFO] [stdout] 1086 |     #[requiem_rt::test]
[INFO] [stdout]      |     ^^^^^^^^^^^^^^^^^^^ not found in `actix_rt`
[INFO] [stdout]      |
[INFO] [stdout]      = note: this error originates in an attribute macro (in Nightly builds, run with -Z macro-backtrace for more info)
[INFO] [stdout] help: consider importing one of these items
[INFO] [stdout]      |
[INFO] [stdout] 617  |     use crate::tests::test::System;
[INFO] [stdout]      |
[INFO] [stdout] 617  |     use crate::tests::test::ws::io::sys::alloc::System;
[INFO] [stdout]      |
[INFO] [stdout] 617  |     use requiem_rt::System;
[INFO] [stdout]      |
[INFO] [stdout] 617  |     use std::alloc::System;
[INFO] [stdout]      |
[INFO] [stdout] 
[INFO] [stdout] 
[INFO] [stdout] error: aborting due to 14 previous errors
[INFO] [stdout] 
[INFO] [stdout] 
[INFO] [stdout] For more information about this error, try `rustc --explain E0433`.
[INFO] [stdout] 
[INFO] [stderr] error: could not compile `requiem-identity`.
[INFO] [stderr] 
[INFO] [stderr] To learn more, run the command again with --verbose.
[INFO] running `Command { std: "docker" "inspect" "fd3955692a8c41fadbe94efdd00104fa44bd61f8e5ee80461f9e0c03387edabb", kill_on_drop: false }`
[INFO] running `Command { std: "docker" "rm" "-f" "fd3955692a8c41fadbe94efdd00104fa44bd61f8e5ee80461f9e0c03387edabb", kill_on_drop: false }`
[INFO] [stdout] fd3955692a8c41fadbe94efdd00104fa44bd61f8e5ee80461f9e0c03387edabb
